 = -s + 551, -2*g + 23279*s = 23283*s - 272. Calculate the remainder when g is divided by m.
67
Let x(u) = -35*u - 17. Suppose -1146*d + 1135*d + 121 = 0. What is the remainder when x(-7) is divided by d?
8
Let d = 29 - -69. Suppose y = -s + 52, 0 = 4*y - 3*s - 138 - d. Calculate the remainder when y is divided by ((-4)/16)/((-7)/560).
16
What is the remainder when 620 is divided by 1/((-38)/(-10) - 4) + 14?
8
Suppose 164*g - 121*g - 34916 = 0. What is the remainder when g is divided by 62?
6
Suppose 0 = -5*s - 34 + 149. Let o(v) = -v**3 - v**2 + 1071*v + 158. What is the remainder when o(0) is divided by s?
20
Calculate the remainder when (0 + -5)*94/(-10) is divided by 14 - -3*(0 + 1).
13
Suppose 0 = y - 5*w - 117, 0 = 5*y - w - 356 - 13. What is the remainder when 222 is divided by y?
6
Let y be 6/(-1 + -35) - (-74)/12. Suppose -2*r = -3*b + 37, 2*b + 2*r - y*r = 30. What is the remainder when b is divided by 7?
4
Let r(v) = 8*v + 15. Let b(w) = -17*w - 29. Let m(u) = -6*b(u) - 13*r(u). Let o be m(-8). What is the remainder when 193 is divided by (35/3)/o*84/(-4)?
46
Suppose 2*u - 4533 + 27 = 0. What is the remainder when u is divided by 141?
138
Suppose -3*l + 1 = -b + 30, 5*l + 25 = 0. Suppose -2*n = -5*n - 18. Let p(a) = a**3 + 8*a**2 - 2*a - 2. What is the remainder when p(n) is divided by b?
12
Let w = 8849 + -8824. What is the remainder when 345 is divided by w?
20
Let w be 75 + 0 + 30/6 + -2. Let g = w - 68. Calculate the remainder when 28 is divided by g.
8
Let k = 238 - -457. Suppose 0 = -28*y + k + 2609. What is the remainder when y is divided by 47?
24
Suppose 479 = 22*y + 444 - 4057. Calculate the remainder when y is divided by 155.
31
Let a(s) = -4*s**2 - 353*s + 5168. What is the remainder when (406/(-2))/(1 - 2) is divided by a(-101)?
16
Let c(l) = -l**2 - 69*l - 601. Suppose -2*n = -6*n + 16. Calculate the remainder when c(-11) is divided by n.
1
Suppose -o - 6 = 2*p - 5*o, o + 11 = 3*p. Suppose -5*a - 25 = -p*y, -6*y + 2*a = -5*y - 7. What is the remainder when 58 is divided by y?
1
Suppose -21*a + 259 = -77. Calculate the remainder when 176 is divided by a.
0
Let m(c) = 39*c**2 - 771*c - 170. Let s(a) = a**3 - 2*a**2 + 2*a + 4. Let u be s(3). Suppose z + 0*z - u = 0. What is the remainder when z is divided by m(20)?
9
Let j = 81 - 113. Let a = j + 27. Let u = 5 - a. Calculate the remainder when 48 is divided by u.
8
Suppose -10*g - 299 = -1349. Calculate the remainder when 125 is divided by 201/3 + g/15.
51
Suppose -342*d - 322 = -356*d. Let l be (3/3 - -7)/(-2). Calculate the remainder when d is divided by (-2)/(8/l) + 11.
11
Suppose 4*l - 6004 + 1260 = 0. Suppose 15*x - l + 361 = 0. What is the remainder when x is divided by 17?
4
Let c(i) = -9*i - 203. What is the remainder when 84 is divided by c(-29)?
26
Let i = -79 + 198. Suppose 3*b = -0*b + 4*o - 2, -3*o = -6. Suppose -b = -2*m + z + 25, 0 = 3*m - 2*z - 43. What is the remainder when i is divided by m?
9
Let j = 37699 + -36948. What is the remainder when j is divided by 85?
71
Let m(o) = 2*o**2 + 52*o + 36. Let n be m(-31). Suppose p = -0*p. Suppose p = 14*z - n - 144. What is the remainder when 207 is divided by z?
32
Suppose 5*c - 5*y - 250 = 0, 0*y = c + 4*y - 40. Calculate the remainder when 283 is divided by c.
43
Let b(z) be the first derivative of 7*z**2/2 + 54*z - 143. Calculate the remainder when b(0) is divided by 31.
23
Suppose -8 = -4*w - 2*y, 2*w + 3*y = -0*w + 4. Suppose 2*l - 6 = 4, w*k = 3*l + 13. What is the remainder when 147 is divided by k?
7
Let c be 88/(-6) - (-6)/9. Suppose 38*v + 184 = 61*v. What is the remainder when 41 is divided by (c/v)/((-2)/24)?
20
Suppose 3*l = 3*j - 18, 3*j + 15*l - 10*l + 6 = 0. Suppose 2*n = j*w - 341, -21*w + 345 = -18*w - 3*n. What is the remainder when w is divided by 29?
24
Let r be 24/(-42) + 7904/112. Let g = -31 + -23. Let z = r + g. What is the remainder when 78 is divided by z?
14
Suppose -16*v = -102*v + 12*v + 43734. Calculate the remainder when v is divided by 22.
19
Suppose -m + 32 = 646*o - 641*o, m = 2*o + 88. Suppose -3*a + 7*a = 484. What is the remainder when a is divided by m?
49
Let l(z) = z**2 + 16*z - 13. Calculate the remainder when 27 is divided by l(-17).
3
Calculate the remainder when (-434)/(3/(1 - 2) + 1) is divided by 64.
25
Suppose -3*f - 28 = j + 4*j, 0 = 3*f - 4*j + 10. Calculate the remainder when (-15 + 9)*172/f is divided by 18.
10
Suppose -4*d + 9 = 1. Suppose 0 = -3*v + 4*v + p + 19, 5*v = -2*p - 83. What is the remainder when -5*(348/v + d) is divided by 27?
25
Let c(q) = q**3 - 4*q**2 - 2*q - 1. Let v = 6459 - 6429. What is the remainder when c(6) is divided by v?
29
Suppose -4*w = 11*m - 12*m - 186, 3*m = -6. What is the remainder when 410 is divided by w?
42
Let x(w) = w**2 - 42*w - 754. Let i = -42 + 77. What is the remainder when x(57) is divided by i?
31
Suppose -28*g = -2 - 54. Suppose 0 = 2*x - g*p - 23 + 7, -9 = 3*p. Calculate the remainder when 73 is divided by x.
3
Let n = 26723 - 26604. What is the remainder when 455 is divided by n?
98
Let m = -1328 - -1344. Let o(l) = -3*l - 20. Calculate the remainder when m is divided by o(-10).
6
Let t = 894 - 879. Calculate the remainder when 384 is divided by t.
9
Let c(k) = 2*k**3 + 5*k**2 - k - 4. Let j be c(-1). Suppose -3*n - 12*d + 10*d = -926, -n + 4*d + 318 = j. Calculate the remainder when n is divided by 12.
10
Calculate the remainder when -4 + 28/(-7) + 66 + -2 is divided by 32.
24
Let q(m) = -4*m + 25. Let r be q(9). Let w = r - -14. Let d(c) = 3*c - 1. Calculate the remainder when d(2) is divided by w.
2
Suppose 32*q + 28*q - 40*q = 34380. What is the remainder when q is divided by 28?
11
Let s(r) = r**2 - 82*r - 534. Calculate the remainder when s(93) is divided by 62.
55
Let t = -18 + 33. Let m be t/(-2)*8/(-12). Suppose m*v = v + 80. What is the remainder when 78 is divided by v?
18
Suppose 524*b - 516*b - 88 = 0. Let y = 19 - 28. Calculate the remainder when (-2)/6 + (-165)/y is divided by b.
7
Suppose 51 = a - 4*h, -h - 4 = 1. Let k(c) = 668 - 334 + c - 336. Calculate the remainder when a is divided by k(19).
14
Suppose 16*t - 21*t = -1730. Let g = t + -254. Calculate the remainder when g is divided by 76.
16
Suppose -8712 = -50*b + 26*b + 13*b. What is the remainder when b is divided by 2?
0
Let z = -15 + 17. Let q(w) = -7*w**z + 0*w + 0*w - w**2 - w**3 + 7. Calculate the remainder when 30 is divided by q(-8).
2
Let z(p) = p**3 + 2*p**2 - 4*p + 3. Let d = -44 - -47. Suppose -4*n + 37 + 39 = 0. Calculate the remainder when z(d) is divided by n.
17
Suppose 18*n - 119 = 151. Suppose u - 190 = -4*u. Suppose -4*l - l + 4*t = -u, t = -2. What is the remainder when n is divided by l?
3
Let z(f) = f**2 - 4*f - 42. Let o be z(-5). Suppose -2*j = -7*w + 9*w - 106, o*w = 5*j - 305. Calculate the remainder when j is divided by -2 + 32/(1 + 0).
28
Calculate the remainder when 676 is divided by -1 + (38 - 7) - (3 + -5)*2.
30
Suppose 293 = 37*m - 521. What is the remainder when (0 - -12)/((-10)/(-105)) is divided by m?
16
Let m(y) be the second derivative of y**3 - 20*y**2 + 18*y. Calculate the remainder when 20 is divided by m(8).
4
Let t(b) = -b**2 + 9*b + 181. Calculate the remainder when 1437 is divided by t(-8).
42
Suppose -p - 16 = 5*l, -9 - 1 = 3*p - 4*l. Calculate the remainder when 190 is divided by (175/(-15) + 1)*p.
62
Let s = 2893 - 2757. What is the remainder when 407 is divided by s?
135
Suppose 0 = -6*o - 155 + 275. Suppose -526 - 194 = -o*w. What is the remainder when 211 is divided by w?
31
Let f(q) = -52 - 15*q - q**2 + 15 + 20 + 0*q**2. Calculate the remainder when 23 is divided by f(-13).
5
Let n be (35/(-2) - 2)*(-5452)/(-141). Let d = n + 770. Calculate the remainder when 55 is divided by d.
7
Suppose -3649 = -s - f - 1204, -s + 2424 = -2*f. What is the remainder when s is divided by 2?
0
Let c be (-1769)/(-29) - (2 - (2 + 1)). Suppose h - 94 = -3*a, 3*a - h - c = 30. Suppose -17 + 49 = 4*k. What is the remainder when a is divided by k?
7
Let l(q) = 20*q - 131. Suppose 4*u - 19 - 34 = -5*r, 3*u = -r + 15. Calculate the remainder when 586 is divided by l(r).
47
Let m = 2081 + -2023. Calculate the remainder when 445 is divided by m.
39
Calculate the remainder when 72 is divided by -3*(-12 + 14/(-3)